
Calculate -12 - ((-3 - 1) + -3) - (1 - 4).
-2
What is the value of 4 + -2 + 1 + 8?
11
What is the value of -3 - -9 - (8 + 11 + (-2 - -4))?
-15
What is (-2 - 1) + -4 - -2 - (-1 + 12)?
-16
Calculate (-4 + 0 - -9) + (-12 - -1) + -1.
-7
Calculate 3 + -12 + 17 + -2.
6
Evaluate 1 + (-2 - -3) - (-9 - (-1 - 14)).
-4
What is -95 - -93 - (-4 - 1)?
3
5 + -10 + (17 - -6)
18
What is the value of -18 + 5 + (11 - -24) + 11 + -3?
30
What is the value of 13 + -4 - (4 - -2 - 8) - 0?
11
What is -1 + -2 - 1 - (7 - 20 - -13)?
-4
What is 7 + -1 + (-4 + 8 - (18 + -8))?
0
Calculate -10 + (15 - 10) + (23 - 4) + 1.
15
What is the value of 3 - ((-79 - -82) + (0 - 8))?
8
Evaluate -2 + -3 + (-10 - (0 + -30 - -12)).
3
Calculate -9 - (9 + (-12 - 2)).
-4
5 + (4 - 3) + 4 - -1
11
Evaluate -5 + (-3 - -11 - -6).
9
What is -16 + 0 + 6 + 4 + -11 + 4?
-13
Calculate 10 - (0 - (3 + -1 + -4 + 5)).
13
(15 + -28 + 8 - -7) + -8
-6
What is the value of 7 + 24 - 62 - -14?
-17
Calculate (-2 - -11) + (1 + -3 - 6).
1
2 + (35 - (73 - -2))
-38
-1 - (0 + (1 - -11))
-13
What is 43 + 0 + (-18 - 8)?
17
What is the value of 0 + (-1 - -4) + (15 - 12) - 18?
-12
What is the value of -2 + 16 - (283 + -250)?
-19
Calculate -14 - (12 - 10 - (-8 - 2)).
-26
Calculate -6 - (-3 + 2) - (7 - 18).
6
What is -7 - (5 - (4 + 0 + 7))?
-1
Calculate 1 + -2 - -1 - (59 + -54).
-5
Calculate 7 - ((-58 - -32) + 19).
14
What is the value of 16 + -13 + 3 + (-57 - -47)?
-4
Calculate -15 + 31 + (-31 - 12).
-27
What is -17 + -1 + -4 + 5 - (56 + -61)?
-12
(-17 - (-19 + (-3 - -12))) + -8
-15
What is 19 - (-12 + (30 - 23))?
24
Calculate 1 + -9 + 22 + -9.
5
-3 + 0 - (-12 + 1 - -4) - -11
15
Calculate 7 + -1 + -434 + 444.
16
Evaluate 17 - 1 - 13 - (24 + -1).
-20
Evaluate (12 - (-22 - -28)) + (0 - 10) + -13.
-17
-3 + 3 - (-19 + 5)
14
Evaluate (19 + (-42 - -18) - -25) + -16.
4
What is -3 + 11 + (107 - 82)?
33
What is -6 + (-4 - -17) + -21?
-14
What is the value of -7 + 4 - (5 - (-2 - -15))?
5
-14 + 9 + 0 - -10
5
(89 - 121) + (-1 - -7)
-26
What is 6 - (14 + -10 - 4)?
6
What is -13 + -28 + 12 - (0 - 1)?
-28
12 + 24 + -14 + -22
0
Calculate (-1 - -11) + (31 - (15 - -23)).
3
Evaluate 1 + -23 - (-16 - -2).
-8
Evaluate -2 - (-5 + (41 - 29)).
-9
-23 - (9 - 15 - 20)
3
-8 + -6 - 7 - -18
-3
295 + -287 + 9 + 1 + -2 + 0
16
What is 0 + 16 + (-1 + -1 - 3) + 1?
12
Calculate 45 - 7 - 2 - (30 - 16).
22
6 + -40 + -33 + 68
1
67 + -6 + -26 + -26
9
What is (-7 + 4 - (1 + -4)) + -12?
-12
Calculate 8 + -1 - (65 - 61).
3
What is the value of -3 - (-7 + -5 + (12 + -6 - 0))?
3
What is -24 + -20 + 0 + 29?
-15
Calculate -6 - ((-7 - -1 - -1) + -59 + 69).
-11
Evaluate -10 - (4 + (-15 - 4)).
5
Evaluate -8 + 7 - -1 - (14 + -9).
-5
(-3 - 2) + (-160 - -167)
2
Evaluate 4 - (-5 + 6 + 33 - 4).
-26
-3 - -2 - (10 + -21)
10
(-3 - -12 - 8) + (11 + -7 - -6)
11
What is the value of 2 - (-17 + 21) - 11?
-13
Evaluate -4 - -4 - (-4 - 9).
13
What is 2 - (-1 + (1 - -2) - (2 + 9))?
11
What is -41 + -32 + 30 + 53?
10
Calculate (-659 - -673) + (-4 - 1).
9
What is -11 + 2 + (0 + 17 - 33)?
-25
12 + (4 - (3 - (-4 + 10)))
19
Calculate 11 - (18 - 17 - 7 - (2 - -8)).
27
What is -52 - (-40 + 16 - -5)?
-33
What is (14 - (-9 + -2 - -23)) + (0 - -4)?
6
What is the value of -4 + 22 + (-1 - (16 + -7))?
8
What is (9 + 7 - 30 - -28) + 10?
24
Evaluate -4 - (-17 + 20 + (-9 - -3)).
-1
-22 + (4 - 2) - (-1745 - -1729)
-4
Evaluate 6 - (-2 + 2 - (-7 - -8 - 0)).
7
What is the value of (0 - (-7 + (7 - 5))) + -12 - 8?
-15
What is the value of (0 - (6 + 1)) + (-30 - -31) + 2?
-4
Evaluate -13 - (1 + 12 + -17 + -21).
12
Evaluate -4 + -7 - (7 + -9 - -1).
-10
What is the value of 2 + -9 + (60 + -61 - (0 + 0))?
-8
Evaluate 10 - -5 - ((4 - 12) + 7).
16
What is -7 + -1 - (-159 + 149)?
2
Calculate (-6 - -1) + 2 + -2 + 15.
10
What is 126 + -150 + (19 - 2)?
-7
1 + 2 + (67 - 55)
15
What is the value of 5 + 9 - (-3 - -6)?
11
18 - (5 + -7 - -11)
9
Calculate 62 + 3 + -44 + (-2 - (7 + 0)).
12
What is the value of 81 + -60 - (-1 + 7)?
15
What is the value of 7 + (-9 - (-1 - -6)) + -1?
-8
Calculate -19 - (-21 + 9) - 17.
-24
-144 + 127 - (2 - (6 + (0 - -2)))
-11
What is 2 - -2 - (173 + -160)?
-9
-2 - -1 - (12 + -1 + -11)
-1
What is the value of -25 + -1 - (-3 - (-7 - (-10 - 0)))?
-20
What is the value of ((-2 - -2) + 9 - (-51 + 48)) + 11?
23
Calculate 6 - (-4 - -5) - 6 - (1 - -11).
-13
1 + 2 - (10 + (-25 - -10))
8
(-4 - (-18 - -7)) + -2
5
Calculate (-25 - 0) + -18 + 17.
-26
Evaluate 6 - ((-3 - -4) + 0 + -3 + 3).
5
Calculate 14 + 17 + -26 + 2.
7
-10 + -4 + 13 + -3 + -5
-9
Calculate 24 - (26 + (9 - 9)).
-2
Calculate (-19 - (-33 - -18)) + 0.
-4
Calculate 0 - 26 - -8 - (12 - -2 - 12).
-20
What is 12 - (1 - (-5 + 6 + -3))?
9
(8 - 6 - -22) + -16 + -13 + -1
-6
What is the value of 24 + -2 + -12 + (1 - 5) - 1?
5
What is -4 + -26 + (-82 - -109)?
-3
Calculate -1 - (0 + 12) - (6 - (5 + 3)).
-11
Calculate (-5 - (-1 + 10)) + 5 + 20.
11
(-3 - -5) + (-19 - (-5 + 4))
-16
What is -3 + (0 - 14 - -1 - (12 + -19))?
-9
What is the value of -8 + -5 + -11 + 41?
17
(3 - -6 - (31 - 28) - 17) + 3
-8
-11 + -9 + 19 - (0 - -7 - 2)
-6
294 + -311 + (0 - -6)
-11
What is -6 - (7 - 27 - (-3 - -9 - 4))?
16
What is the value of (11 + -31 - -12) + 19 - 8?
3
Calculate -1 + 15 + (-89 - -70).
-5
What is (-36 - 3) + 7 - -17?
-15
What is 7 - 0 - (-5 + 7 + (1 - 7))?
11
Evaluate 1 - -6 - (-241 - -246).
2
What is the value of -20 + (-5 + 17 - 15)?
-23
Evaluate 156 - 153 - (-4 - -2).
5
Calculate -20 + 26 + -9 + -3 + -5 + 6.
-5
0 + -2 + (174 - 175) + -12
-15
Calculate -3 - (2 + (1 - 1) + 4 + 4).
-13
Calculate 1 - (3 - 7 - (-5 - -3)).
3
-13 + 3 - -2 - (8 + -13) - -18
15
Calculate 14 + (22 - 68) - -24.
-8
Calculate 1 - (-15 - (4 - (19 - (13 + -4)))).
10
What is the value of (-3 - -4) + -3 + (-7 - -19)?
10
What is the value of (-6 - (7 - (7 - -2))) + (-3 - -1)?
-6
What is the value of (-2 - 10) + (7 + -1 - -33)?
27
Calculate 2 + (-31 - -21 - -6 - (32 + -1)).
-33
What is (5 - -25) + 10 + -2 + -4 - 7?
27
What is the value of -10 + (1 + 3 - (9 - 3))?
-12
2 + 9 - (81 + -78 - (0 + 1))
9
What is 1 - (0 - 11 - (2 + 23 + -28))?
9
Calculate 0 - ((-7 - -20) + -12) - 7.
-8
Evaluate (6 - (6 + 11)) + (-2 - -6).
-7
Evaluate -4 + ((-9 - -3) + -1 - (-217 - -198)).
8
What is (31 - (38 - -9)) + 30?
14
Calculate -7 - (12 - 10 - 13).
4
What is -38 - (-20 - -12) - -9?
-21
Evaluate 5 - (2 - (1 + -14 + 5)).
-5
What is the value of (-1 - -3) + 26 + -7 + -18?
3
What is -13 - ((7 - -1 - 1) + -13) - -15?
8
(-7 - -21) + 9 + -4 + -9
10
What is the value of 20 + -26 + 6 + 10?
10
70 + (107 - 182) + (0 - (1 + -11))
5
Calculate -2 + 29 - ((-12 - (10 - 6)) + 13).
30
Calculate (-4 + 5 - -2) + 14 + -1 - 1.
15
Evaluate 0 - (3 + (14 - 10 - 1) + -28).
22
What is the value of (2 - -2) + (-493 - -509)?
20
Calculate -1 + -26 + (58 - (-11 - -58)).
-16
Calculate (6 + 3 - (-11 + -5)) + -10.
15
(5 + 4 - (-27 - -38)) + -7 + 2
-7
(-4 - 4 - -11) + 4 + (5 - 1)
11
Evaluate (-12 - -26) + 8 + -11 + 22.
33
Evaluate 3 - 20 - (1 + -7).
-11
15 + -11 + (14 - 5) - 11
2
Calculate 251 - 266 - (-4 + 1).
-12
What is the value of 3 - (6 + 9) - 5?
-17
Evaluate 7 - ((0 - -5) + (-19 - -20)).
1
(-2 + 2 - 5) + (-39 - (-63 + 32))
-13
What is -3 - (33 + -38 - (-12 + 1)) - -7?
-2
What is -11 + 35 + -2 + -3?
19
Calculate 2 - (19 + 1) - (-16 + 26 + -18).
-10
Evaluate 8 - (28 - -20) - -34.
-6
Evaluate 1 + -15 - (4 + -6 - 3 - -1).
-10
Calculate 4 - 1 - (-11 + 18).
-4
Evaluate (17 - 19) + -5 + 12.
5
22 + 14 + -17 + -1 + 0
18
What is 48 + (-7 - 4) - (-2 - 0 - -3)?
36
What is 48 + -6 + -2 + -9 - (-1 - -1)?
31
What is 300 - 289 - (0 + 2)?
9
What is 1 + 3 - (13 - (-18 - -28))?
1
Calculate 3 + -3 + 5 + (4 + 0 - -4).
13
What is the value of (38 - 31) + -21 + 0 + 2 + 0?
-12
What is the value of -8 + (-1 - (-9 - -4) - -24)?
20
Calculate (-6 - (-5 + 5)) + (1 - -9).
4
Calculate -8 + -23 + 49 + 16 + 5 + -9.
30
What is 2 - (-14 + 2 - -16)?
-2
What is (-14 + 1 - -1) + 34 + -3?
19
-5 + 8 - (4 - ((2 - -1) + 2))
4
Evaluate -16 - (8 - -5) - -12.
-17
What is the value of (5 - (1 + 0)) + -4 - 0 - 5?
-5
(-8 - -13 - 2) + (-2 - 1)
0
Calculate (10 + -4 - (-7 - -12)) + 6.
7
Calculate 35 - (30 + 3 - 5).
7
-9 + -10 - -32 - -7 - (-1 - -12)
9
Evaluate -12 - ((-22 - -10) + 13) - 16.
-29
Calculate 1 + -7 + -4 - (-6 - (-4 - 0)).
-8
What is 2 + (-7 - (-11 + 1)) + (-1 - 23)?
-19
W